2
2 - 67 - (23 + -44 + 10)
-54
What is -11 - 0 - (-7693 - -7679)?
3
Calculate (-4 - 23) + 64 - -1.
38
Calculate -4 + 98 - (-66 - -58).
102
-9 + 75 - (10 + 42)
14
What is the value of 16 + -25 + (-11 - -22) + (6 - 7)?
1
-7 + (-7 - (22 + -61 + -8))
33
61 - 2 - (216 - 129 - 80)
52
(-6 + 7 + 0 - 0) + -21 + 11 + 56
47
What is 78 + -2 + (8 - 14) + -6 + 7?
71
8 - (2 + (-11 - 9 - -15) - (-2 - -1))
10
12 - (12 + (55 - 62) + -2 + 2) - -74
81
Calculate (5 + (56 - 67) - (1 - 12)) + -5 + 141.
141
Evaluate -33 - ((-77 - (-26 - -13)) + -34).
65
What is the value of (-1 + 6 - -2) + -23 + 52 + (-57 - -20)?
-1
Calculate (-32 - -7) + (-25 - (36 - 49)).
-37
Calculate -450 - -433 - (29 + 6).
-52
32 - (3 - (-7 + -9)) - (-96 - 14)
123
Evaluate (-20 - -2) + (-513 - -525 - (-1 - 72)).
67
Evaluate 81 - (69 + (70 - 35)).
-23
Calculate (4 + -5 - 138) + 8 + (37 - 37) + -17.
-148
Calculate -16 - (-85 + 137) - -29.
-39
What is 0 - (0 + 1) - (-351 + 318 + -28)?
60
Evaluate 10 - (0 - -8) - 9 - 6 - 28.
-41
What is the value of 29 - 13 - 4 - (5 - (-10 + -1))?
-4
What is the value of 17 + (-6 - (24 - 13)) + -3 + 79?
76
What is the value of -27 - ((9 - 13) + -3) - (-64 - -52)?
-8
Calculate -29 + 6 + (69 - (-56 + 17)).
85
Calculate (5 + -51 - -14) + (21 - 33).
-44
-42 - (29 + 2 + -82)
9
What is -4 + 68 + -59 + 62?
67
Evaluate (39 - 71) + 3 + -23.
-52
What is the value of -49 - ((39 - 36) + -12)?
-40
What is the value of 2827 + -2860 + (-18 - -2 - 2)?
-51
Evaluate 68 + (18 - -2 - (35 + 2)).
51
What is the value of 3266 + -3266 - (-1 + 47 + -1)?
-45
Evaluate (-51 - -99 - 46) + (-1 - -43) - (2 - -11).
31
What is the value of -6 + -2 - (-3 + -18 + -27 + 47)?
-7
What is -51 + 42 + -9 + -40 + -12?
-70
Calculate 129 + -14 - (87 + 23).
5
3 + -4 + (0 - (-20 - -4))
15
What is 66 + (-54 + 142 - 172)?
-18
Calculate 3 + 33 + -2 + (-30 - -15 - 5) + 11.
25
What is the value of -9 - ((-15 - 3) + 42 - 7)?
-26
What is the value of 4 - (-6 + 22 + 6 + 2 + 3)?
-23
Evaluate -1 - ((-4 - -14) + -6) - (93 - 80).
-18
What is the value of 2 - ((2 - 47) + (-77 + 18 - -42))?
64
Calculate 29 + (-6 - 2) - (-5 - (-13 + 8)).
21
1 + 10 + 58 + -10 + -17
42
Evaluate -81 + 11 - -39 - 3.
-34
Calculate (-16979 - -16924) + (-1 - -3) + -26.
-79
-25 - ((-8 - -7 - (24 + -10)) + 2 + -1)
-11
Calculate -117 + 145 - (49 + 22).
-43
45 - (12 + -22 + (-16 - (1 + -17)))
55
Evaluate 15 - (-49 - -18) - 87 - 75.
-116
Calculate -9 + 21 + (-1 - 3) + -10 + 6.
4
Calculate -9 - -91 - (7 - (11 + -21 - (-1 + -12))).
78
What is the value of 35 - (-8 + (37 - -19))?
-13
Calculate (5 - -10) + (9 - 13) + 6 + 7 + -104.
-80
Evaluate (504 - 483) + (-44 - 4).
-27
Evaluate 32 + 0 + -4 + -28 + 13 + 24 + -9.
28
What is 1 - -73 - (45 + 136 + -156)?
49
-4 + 1 - ((-7 - 6) + -5 + 1 + 42)
-28
-79 - (171 - 238) - (-1 - 1 - 58)
48
What is the value of -27 - (-108 + 61 - -48)?
-28
Calculate (-8 - (-100 - -81)) + (-8 - -2).
5
Evaluate (100 - 3) + (16 - (7 - 4)) + 11.
121
Evaluate (-15 - 3 - 10) + (12 - 8) + -8.
-32
-24 + -6 + 58 - 53
-25
0 + 4 + -1 + -22 + -4266 + 4257
-28
What is the value of 7 - ((0 - (-11 - -1)) + (112 - 150) + -19)?
54
Calculate (-39 - -18) + 2 + -24 - -28.
-15
Evaluate 6 + 1 + (82 + 7 - 9) + -3 + 9.
93
What is 43 + (41 - 122) - -89?
51
Evaluate 39 + -52 - (42 - (3 - 0) - 10).
-42
Evaluate -30 + (8 - -2) - -4 - 20.
-36
What is the value of 4 + 6 + 6 + -1 - 4?
11
-41 + (154 - 3) - 54
56
What is the value of (8 - 48) + 13 - -74?
47
What is 11 + -25 + 3 + 2 + -3 + 0?
-12
Calculate 48 + -18 + -11 + 8 + -1 - (-75 + 65).
36
What is the value of 37 + (-95 - -34) + 12?
-12
Calculate 0 - 6 - (6 + -22 + (-1 - 1) + -6).
18
Evaluate -4 + 1 + -21 - (1 + -4 - -30 - 40).
-11
What is -50 - (25 + 5 + -18) - -5?
-57
29 + -165 + 31 - ((-6 - -5) + -8)
-96
40 + (-46 - -1) + 38 - (6 - 1)
28
-14 + 37 + 0 + -7 + 2 + -7
11
(14 - (22 - 0)) + -18 - -11
-15
-2 + -4 + 34 + -566 + 547
9
What is the value of (-20 - (-14 - 21)) + (15 - 6)?
24
Evaluate -1 + -38 + (1 + -7 - (255 + -257)).
-43
Evaluate 50 - (1 - 69) - 167.
-49
(11 - 25) + -9 + (118 - (-7 + -2))
104
Evaluate -96 - (46 - 54) - -83.
-5
What is (0 - 56 - -24) + 64?
32
-23 + 22 + (-49 - (6 + 16))
-72
What is the value of (47 - 43) + (-9 - (-52 + (-9 - (4 + -8))))?
52
Calculate 3 + 22 + 9 - -6.
40
What is the value of -10 + 22 + -10 + 5 + 5 + (1 - 14)?
-1
Evaluate -10 - ((6 - 10) + 40 + (64 - 72)).
-38
Calculate (-99 - -126) + (-8 - -6 - -18).
43
Evaluate 0 - (29 + -55 - -51).
-25
What is -38 - (-35 - (35 + -28)) - (-78 - -2)?
80
(-3 - 6) + 69 + (-4 - (8 - 0))
48
What is the value of 12 + -13 + 25 + -69 + -6?
-51
What is the value of 3 - ((2 - 4 - -19) + -22) - -5?
13
(-371 - -303) + 22 + -4
-50
What is 3 + -129 - (558 + -649)?
-35
3757 - 3697 - (12 + 1)
47
What is the value of (27 - ((1 - -11) + (94 - 93))) + 79 + -4?
89
What is (8 - -30) + (-4 - -1) + (4 - 3) + 9?
45
-3 - (4 - -5) - (-36 + 19) - 5
0
What is -54 - (-11 - (-7 + (17 - 44)))?
-77
What is the value of -16 - (2 + 27 + -6 + -9 - 31)?
1
What is -3 + 12 - (37 - 25 - (11 + (-2 - 1)))?
5
What is (-1 - -75) + (-145 - (-39 - 83))?
51
What is (35 - -7) + -4 + (-17 - (-9 - -10)) + 6?
26
Evaluate -1 + 3 + -3 + (29 - 23) + 1 - -1.
7
What is -9 + (-44 - -14) + 58 - ((-2 - -1) + 2)?
18
Evaluate 12 + -11 - ((3 - 11) + (1 - 0)).
8
19 + (-14 - (-6 + 3 - 1))
9
Evaluate (65 + -4 - -1) + (1 - (-3 - (2 + -5))).
63
71 + 2 + 19 + 763 + -788
67
34 + (12 + 27 - -6)
79
(6 - 16) + 22 + (10 - (25 + -16)) - 104
-91
What is the value of -7 + (478 + -489 - (-10 - -2))?
-10
What is 5 + (106 - 75 - (3 - (-1 - 1)))?
31
Evaluate (8 - 1) + 42 + -54 + 30.
25
Calculate 627 + -683 - (4 + 7).
-67
Evaluate 31 + 6 + (23 - (-8 - -15)).
53
What is the value of 8 + -51 + -7 + -71 + 83?
-38
Calculate 4 + -25 + -49 + 58 - (-1 + -12).
1
Evaluate 10 + (-39 + -3 - (5 - 0 - (-68 - -71))).
-34
What is the value of (38 - (21 - -20)) + (1 - 0 - 42)?
-44
What is -65 + -14 + 51 + 31?
3
Evaluate 5 + 1 + (-74 - (-9 + 1 + 14 + -10)).
-64
What is -18 - (-84 + -3) - (-67 + 63 - (0 - -9))?
82
What is the value of -9 + (33 - 21) + (3 + -133 - -2 - -5)?
-120
What is -237 + 170 - (-24 - ((-4 - -3) + -3))?
-47
What is (-116 - -182) + (4 - 24)?
46
What is the value of (-2 - -56) + -816 + 708?
-54
What is the value of 13 + (-54 - (-48 - -42))?
-35
What is the value of (24 - (30 - 3 - 18)) + (27 - -1)?
43
What is the value of -158 - (156 + -332) - (0 + 78 - 2)?
-58
Calculate -40 + (29 - 65 - -24) + -2 + 11.
-43
Calculate 2 + -23 - (-39 + 26 - 16).
8
What is -17 - -35 - (4 - (19 + (-1 - -5)))?
37
-161 + 123 + 2 + (9 - 10)
-37
Calculate -3 - (25 + 17 + 36).
-81
What is 0 - 52 - (1354 - 1376)?
-30
What is 25 - (-3 + (13 - 7)) - ((-11 - 13) + 15)?
31
35 - 2 - (611 - 613)
35
What is the value of 64 + (12 + 3 - 33 - -25)?
71
What is the value of -1 + -37 + 1 - (39 - -2 - 28)?
-50
Evaluate -38 + -51 - 0 - -112.
23
Calculate 4 + -1 + 0 + -25 + 10 + -11 + 24.
1
What is the value of 1 + 13 + -19 + (0 - 6) + 2 + -9?
-18
(-7 + (6 - 5) - -4) + -47 + 116
67
What is the value of (-23 - -1) + 18 - ((4 - 14) + -3)?
9
What is (80 - 53 - (8 - -2)) + 5 + (0 - -4)?
26
What is 10 + -3 + -73 + 8 + -20 + (0 - -9)?
-69
-22 - (-5 - (-5 + (28 - 8)))
-2
What is -2 + -3 + -1 + 1 - -47?
42
What is the value of -26 + 103 + -84 + -126?
-133
Calculate -30 + 21 + 10 + -11 + 10 - 3.
-3
What is the value of -86 + 22 + -31 + 22?
-73
Evaluate -88 - 27 - ((-57 - -24) + -4).
-78
What is the value of -48 + 0 - (126 + (53 - 119))?
-108
What is the value of 20 + (-22 - 7 - 10 - -19)?
0
Calculate -2 + 26 + (16 - 120) + 33.
-47
Evaluate 1 + -4 - ((-2 - 0) + 1) - (-497 - -500).
-5
What is 2 - 103 - (-74 + 112 - 66)?
-73
What is the value of (53 - (-69 + 88)) + 31?
65
Calculate -279 + 252 - (9 - (-3 + (5 - 2))).
-36
What is 55 - (-9 + -4) - (1 - (-7 - (-9 + 13)))?
56
What is the value of -42 - -47 - (-22 + 14)?
13
-53 - (67 - (81 - 30))
-69
Calculate (27 - (-23 + -6 - -161)) + 27.
-78
Evaluate (11 - 23) + (8 - -7) + (26 - (0 - 0)).
29
What is (2 - -2 - (-13 - -14) - -5) + 41 + -24?
25
Calculate 1 - 127 - (-19268 - -19183).
-41
Evaluate (37 - 29 - -29) + -48.
-11
(-304 - -297) + -2 + 41 + -2
30
What is the value of 1 - -37 - (-49 + (40 - -40))?
7
31 + (-1 - 7 - (-375 + 372))
26
Evaluate 10 + -6 + 6 + -2 + -9 + 8 + -45.
-38
Calculate (-10 - -5) + -76 + (7 - -19